{"id":6226,"date":"2025-03-01T15:37:21","date_gmt":"2025-03-01T20:37:21","guid":{"rendered":"https:\/\/katua.com.co\/?post_type=product&#038;p=6226"},"modified":"2026-01-10T14:26:11","modified_gmt":"2026-01-10T19:26:11","slug":"blusa-musa-italiana-lila","status":"publish","type":"product","link":"https:\/\/katua.com.co\/index.php\/producto\/blusa-musa-italiana-lila\/","title":{"rendered":"Blusa Musa Italiana lila"},"content":{"rendered":"","protected":false},"excerpt":{"rendered":"<div class=\"flex max-w-full flex-col flex-grow\">\n<div class=\"min-h-8 text-message relative flex w-full flex-col items-end gap-2 whitespace-normal break-words text-start [.text-message+&amp;]:mt-5\" dir=\"auto\" data-message-author-role=\"assistant\" data-message-id=\"1b0a0363-f36f-4bd8-968b-33ec6517da37\" data-message-model-slug=\"gpt-4o\">\n<div class=\"flex w-full flex-col gap-1 empty:hidden first:pt-[3px]\">\n<div class=\"markdown prose w-full break-words dark:prose-invert light\">\n<p data-start=\"0\" data-end=\"350\">\ud83d\udc9c <strong data-start=\"3\" data-end=\"51\">Sutil, rom\u00e1ntica y con esencia mediterr\u00e1nea.<\/strong> La <strong data-start=\"55\" data-end=\"69\">Blusa Musa<\/strong> est\u00e1 confeccionada en <strong data-start=\"92\" data-end=\"117\">100% algod\u00f3n org\u00e1nico<\/strong>, con un dise\u00f1o fresco y femenino. Su <strong data-start=\"155\" data-end=\"211\">estampado exclusivo inspirado en la costa amalfitana<\/strong> en tonos lila le da un aire sofisticado y \u00fanico. Su corte vers\u00e1til permite un ajuste c\u00f3modo y favorecedor, ideal para cualquier ocasi\u00f3n.<\/p>\n<p data-start=\"352\" data-end=\"506\">\ud83c\udf3f <strong data-start=\"355\" data-end=\"375\">Caracter\u00edsticas:<\/strong><br data-start=\"375\" data-end=\"378\" \/>\u2714\ufe0f Algod\u00f3n org\u00e1nico suave y transpirable.<br data-start=\"419\" data-end=\"422\" \/>\u2714\ufe0f Estampado italiano exclusivo K\u00e1tua en tonos lila.<br data-start=\"468\" data-end=\"471\" \/>\u2714\ufe0f Dise\u00f1o vers\u00e1til y favorecedor.<\/p>\n<p data-start=\"508\" data-end=\"569\">\u2728 <strong data-start=\"510\" data-end=\"567\">Ll\u00e9vala con la Falda Musa para un conjunto impecable.<\/strong><\/p>\n<p data-start=\"571\" data-end=\"638\" data-is-last-node=\"\" data-is-only-node=\"\">Un must-have para quienes aman la moda con inspiraci\u00f3n italiana. \ud83d\udc9c<\/p>\n<\/div>\n<\/div>\n<\/div>\n<\/div>\n","protected":false},"featured_media":5971,"comment_status":"open","ping_status":"closed","template":"","meta":[],"product_brand":[],"product_cat":[74,71,51,57],"product_tag":[],"giftcard-category":[],"class_list":{"0":"post-6226","1":"product","2":"type-product","3":"status-publish","4":"has-post-thumbnail","6":"product_cat-costa-italiana","7":"product_cat-sets","8":"product_cat-tops","9":"product_cat-beachresort","11":"first","12":"instock","13":"taxable","14":"shipping-taxable","15":"purchasable","16":"product-type-variable"},"yoast_head":"<!-- This site is optimized with the Yoast SEO plugin v27.0 - https:\/\/yoast.com\/product\/yoast-seo-wordpress\/ -->\n<title>Blusa Musa Italiana lila | Katua<\/title>\n<meta name=\"description\" content=\"Katua | \ud83d\udc9c Sutil, rom\u00e1ntica y con esencia mediterr\u00e1nea. La Blusa Musa est\u00e1 confeccionada en 100% algod\u00f3n org\u00e1nico, con un dise\u00f1o fresco y femenino. Su estampado exclusivo inspirado en la costa amalfitana en tonos lila le da un aire sofisticado y \u00fanico. Su corte vers\u00e1til permite un ajuste c\u00f3modo y favorecedor, ideal para cualquier ocasi\u00f3n. \ud83c\udf3f Caracter\u00edsticas:\u2714\ufe0f Algod\u00f3n org\u00e1nico suave y transpirable.\u2714\ufe0f Estampado italiano exclusivo K\u00e1tua en tonos lila.\u2714\ufe0f Dise\u00f1o vers\u00e1til y favorecedor. \u2728 Ll\u00e9vala con la Falda Musa para un conjunto impecable. Un must-have para quienes aman la moda con inspiraci\u00f3n italiana. \ud83d\udc9c\" \/>\n<meta name=\"robots\" content=\"index, follow, max-snippet:-1, max-image-preview:large, max-video-preview:-1\" \/>\n<link rel=\"canonical\" href=\"https:\/\/katua.com.co\/index.php\/producto\/blusa-musa-italiana-lila\/\" \/>\n<meta property=\"og:locale\" content=\"es_ES\" \/>\n<meta property=\"og:type\" content=\"article\" \/>\n<meta property=\"og:title\" content=\"Blusa Musa Italiana lila | Katua\" \/>\n<meta property=\"og:description\" content=\"Katua | \ud83d\udc9c Sutil, rom\u00e1ntica y con esencia mediterr\u00e1nea. La Blusa Musa est\u00e1 confeccionada en 100% algod\u00f3n org\u00e1nico, con un dise\u00f1o fresco y femenino. Su estampado exclusivo inspirado en la costa amalfitana en tonos lila le da un aire sofisticado y \u00fanico. Su corte vers\u00e1til permite un ajuste c\u00f3modo y favorecedor, ideal para cualquier ocasi\u00f3n. \ud83c\udf3f Caracter\u00edsticas:\u2714\ufe0f Algod\u00f3n org\u00e1nico suave y transpirable.\u2714\ufe0f Estampado italiano exclusivo K\u00e1tua en tonos lila.\u2714\ufe0f Dise\u00f1o vers\u00e1til y favorecedor. \u2728 Ll\u00e9vala con la Falda Musa para un conjunto impecable. Un must-have para quienes aman la moda con inspiraci\u00f3n italiana. \ud83d\udc9c\" \/>\n<meta property=\"og:url\" content=\"https:\/\/katua.com.co\/index.php\/producto\/blusa-musa-italiana-lila\/\" \/>\n<meta property=\"og:site_name\" content=\"Katua\" \/>\n<meta property=\"article:publisher\" content=\"https:\/\/www.facebook.com\/Katuastore\" \/>\n<meta property=\"article:modified_time\" content=\"2026-01-10T19:26:11+00:00\" \/>\n<meta property=\"og:image\" content=\"https:\/\/katua.com.co\/wp-content\/uploads\/2025\/02\/img_1113-1.jpg\" \/>\n\t<meta property=\"og:image:width\" content=\"1334\" \/>\n\t<meta property=\"og:image:height\" content=\"2000\" \/>\n\t<meta property=\"og:image:type\" content=\"image\/jpeg\" \/>\n<meta name=\"twitter:card\" content=\"summary_large_image\" \/>\n<meta name=\"twitter:label1\" content=\"Tiempo de lectura\" \/>\n\t<meta name=\"twitter:data1\" content=\"1 minuto\" \/>\n<script type=\"application\/ld+json\" class=\"yoast-schema-graph\">{\"@context\":\"https:\/\/schema.org\",\"@graph\":[{\"@type\":[\"WebPage\",\"ItemPage\"],\"@id\":\"https:\/\/katua.com.co\/index.php\/producto\/blusa-musa-italiana-lila\/\",\"url\":\"https:\/\/katua.com.co\/index.php\/producto\/blusa-musa-italiana-lila\/\",\"name\":\"Blusa Musa Italiana lila | Katua\",\"isPartOf\":{\"@id\":\"https:\/\/katua.com.co\/#website\"},\"primaryImageOfPage\":{\"@id\":\"https:\/\/katua.com.co\/index.php\/producto\/blusa-musa-italiana-lila\/#primaryimage\"},\"image\":{\"@id\":\"https:\/\/katua.com.co\/index.php\/producto\/blusa-musa-italiana-lila\/#primaryimage\"},\"thumbnailUrl\":\"https:\/\/katua.com.co\/wp-content\/uploads\/2025\/02\/img_1113-1.jpg\",\"datePublished\":\"2025-03-01T20:37:21+00:00\",\"dateModified\":\"2026-01-10T19:26:11+00:00\",\"description\":\"Katua | \ud83d\udc9c Sutil, rom\u00e1ntica y con esencia mediterr\u00e1nea. La Blusa Musa est\u00e1 confeccionada en 100% algod\u00f3n org\u00e1nico, con un dise\u00f1o fresco y femenino. Su estampado exclusivo inspirado en la costa amalfitana en tonos lila le da un aire sofisticado y \u00fanico. Su corte vers\u00e1til permite un ajuste c\u00f3modo y favorecedor, ideal para cualquier ocasi\u00f3n. \ud83c\udf3f Caracter\u00edsticas:\u2714\ufe0f Algod\u00f3n org\u00e1nico suave y transpirable.\u2714\ufe0f Estampado italiano exclusivo K\u00e1tua en tonos lila.\u2714\ufe0f Dise\u00f1o vers\u00e1til y favorecedor. \u2728 Ll\u00e9vala con la Falda Musa para un conjunto impecable. Un must-have para quienes aman la moda con inspiraci\u00f3n italiana. \ud83d\udc9c\",\"breadcrumb\":{\"@id\":\"https:\/\/katua.com.co\/index.php\/producto\/blusa-musa-italiana-lila\/#breadcrumb\"},\"inLanguage\":\"es-CO\",\"potentialAction\":[{\"@type\":\"ReadAction\",\"target\":[\"https:\/\/katua.com.co\/index.php\/producto\/blusa-musa-italiana-lila\/\"]}]},{\"@type\":\"ImageObject\",\"inLanguage\":\"es-CO\",\"@id\":\"https:\/\/katua.com.co\/index.php\/producto\/blusa-musa-italiana-lila\/#primaryimage\",\"url\":\"https:\/\/katua.com.co\/wp-content\/uploads\/2025\/02\/img_1113-1.jpg\",\"contentUrl\":\"https:\/\/katua.com.co\/wp-content\/uploads\/2025\/02\/img_1113-1.jpg\",\"width\":1334,\"height\":2000},{\"@type\":\"BreadcrumbList\",\"@id\":\"https:\/\/katua.com.co\/index.php\/producto\/blusa-musa-italiana-lila\/#breadcrumb\",\"itemListElement\":[{\"@type\":\"ListItem\",\"position\":1,\"name\":\"Inicio\",\"item\":\"https:\/\/katua.com.co\/\"},{\"@type\":\"ListItem\",\"position\":2,\"name\":\"Shop\",\"item\":\"https:\/\/katua.com.co\/index.php\/shop\/\"},{\"@type\":\"ListItem\",\"position\":3,\"name\":\"Blusa Musa Italiana lila\"}]},{\"@type\":\"WebSite\",\"@id\":\"https:\/\/katua.com.co\/#website\",\"url\":\"https:\/\/katua.com.co\/\",\"name\":\"KATUA\",\"description\":\"Moda premium enfocada en ofrecer dise\u00f1os exclusivos de alta calidad!\",\"publisher\":{\"@id\":\"https:\/\/katua.com.co\/#organization\"},\"potentialAction\":[{\"@type\":\"SearchAction\",\"target\":{\"@type\":\"EntryPoint\",\"urlTemplate\":\"https:\/\/katua.com.co\/?s={search_term_string}\"},\"query-input\":{\"@type\":\"PropertyValueSpecification\",\"valueRequired\":true,\"valueName\":\"search_term_string\"}}],\"inLanguage\":\"es-CO\"},{\"@type\":\"Organization\",\"@id\":\"https:\/\/katua.com.co\/#organization\",\"name\":\"KATUA\",\"url\":\"https:\/\/katua.com.co\/\",\"logo\":{\"@type\":\"ImageObject\",\"inLanguage\":\"es-CO\",\"@id\":\"https:\/\/katua.com.co\/#\/schema\/logo\/image\/\",\"url\":\"https:\/\/i0.wp.com\/katua.com.co\/wp-content\/uploads\/2020\/07\/cropped-NUEVO-LOGO.png?fit=512%2C512&ssl=1\",\"contentUrl\":\"https:\/\/i0.wp.com\/katua.com.co\/wp-content\/uploads\/2020\/07\/cropped-NUEVO-LOGO.png?fit=512%2C512&ssl=1\",\"width\":512,\"height\":512,\"caption\":\"KATUA\"},\"image\":{\"@id\":\"https:\/\/katua.com.co\/#\/schema\/logo\/image\/\"},\"sameAs\":[\"https:\/\/www.facebook.com\/Katuastore\",\"https:\/\/www.tiktok.com\/@katua.co\",\"https:\/\/www.instagram.com\/katua.co\/\"]}]}<\/script>\n<!-- \/ Yoast SEO plugin. -->","yoast_head_json":{"title":"Blusa Musa Italiana lila | Katua","description":"Katua | \ud83d\udc9c Sutil, rom\u00e1ntica y con esencia mediterr\u00e1nea. La Blusa Musa est\u00e1 confeccionada en 100% algod\u00f3n org\u00e1nico, con un dise\u00f1o fresco y femenino. Su estampado exclusivo inspirado en la costa amalfitana en tonos lila le da un aire sofisticado y \u00fanico. Su corte vers\u00e1til permite un ajuste c\u00f3modo y favorecedor, ideal para cualquier ocasi\u00f3n. \ud83c\udf3f Caracter\u00edsticas:\u2714\ufe0f Algod\u00f3n org\u00e1nico suave y transpirable.\u2714\ufe0f Estampado italiano exclusivo K\u00e1tua en tonos lila.\u2714\ufe0f Dise\u00f1o vers\u00e1til y favorecedor. \u2728 Ll\u00e9vala con la Falda Musa para un conjunto impecable. Un must-have para quienes aman la moda con inspiraci\u00f3n italiana. \ud83d\udc9c","robots":{"index":"index","follow":"follow","max-snippet":"max-snippet:-1","max-image-preview":"max-image-preview:large","max-video-preview":"max-video-preview:-1"},"canonical":"https:\/\/katua.com.co\/index.php\/producto\/blusa-musa-italiana-lila\/","og_locale":"es_ES","og_type":"article","og_title":"Blusa Musa Italiana lila | Katua","og_description":"Katua | \ud83d\udc9c Sutil, rom\u00e1ntica y con esencia mediterr\u00e1nea. La Blusa Musa est\u00e1 confeccionada en 100% algod\u00f3n org\u00e1nico, con un dise\u00f1o fresco y femenino. Su estampado exclusivo inspirado en la costa amalfitana en tonos lila le da un aire sofisticado y \u00fanico. Su corte vers\u00e1til permite un ajuste c\u00f3modo y favorecedor, ideal para cualquier ocasi\u00f3n. \ud83c\udf3f Caracter\u00edsticas:\u2714\ufe0f Algod\u00f3n org\u00e1nico suave y transpirable.\u2714\ufe0f Estampado italiano exclusivo K\u00e1tua en tonos lila.\u2714\ufe0f Dise\u00f1o vers\u00e1til y favorecedor. \u2728 Ll\u00e9vala con la Falda Musa para un conjunto impecable. Un must-have para quienes aman la moda con inspiraci\u00f3n italiana. \ud83d\udc9c","og_url":"https:\/\/katua.com.co\/index.php\/producto\/blusa-musa-italiana-lila\/","og_site_name":"Katua","article_publisher":"https:\/\/www.facebook.com\/Katuastore","article_modified_time":"2026-01-10T19:26:11+00:00","og_image":[{"width":1334,"height":2000,"url":"https:\/\/katua.com.co\/wp-content\/uploads\/2025\/02\/img_1113-1.jpg","type":"image\/jpeg"}],"twitter_card":"summary_large_image","twitter_misc":{"Tiempo de lectura":"1 minuto"},"schema":{"@context":"https:\/\/schema.org","@graph":[{"@type":["WebPage","ItemPage"],"@id":"https:\/\/katua.com.co\/index.php\/producto\/blusa-musa-italiana-lila\/","url":"https:\/\/katua.com.co\/index.php\/producto\/blusa-musa-italiana-lila\/","name":"Blusa Musa Italiana lila | Katua","isPartOf":{"@id":"https:\/\/katua.com.co\/#website"},"primaryImageOfPage":{"@id":"https:\/\/katua.com.co\/index.php\/producto\/blusa-musa-italiana-lila\/#primaryimage"},"image":{"@id":"https:\/\/katua.com.co\/index.php\/producto\/blusa-musa-italiana-lila\/#primaryimage"},"thumbnailUrl":"https:\/\/katua.com.co\/wp-content\/uploads\/2025\/02\/img_1113-1.jpg","datePublished":"2025-03-01T20:37:21+00:00","dateModified":"2026-01-10T19:26:11+00:00","description":"Katua | \ud83d\udc9c Sutil, rom\u00e1ntica y con esencia mediterr\u00e1nea. La Blusa Musa est\u00e1 confeccionada en 100% algod\u00f3n org\u00e1nico, con un dise\u00f1o fresco y femenino. Su estampado exclusivo inspirado en la costa amalfitana en tonos lila le da un aire sofisticado y \u00fanico. Su corte vers\u00e1til permite un ajuste c\u00f3modo y favorecedor, ideal para cualquier ocasi\u00f3n. \ud83c\udf3f Caracter\u00edsticas:\u2714\ufe0f Algod\u00f3n org\u00e1nico suave y transpirable.\u2714\ufe0f Estampado italiano exclusivo K\u00e1tua en tonos lila.\u2714\ufe0f Dise\u00f1o vers\u00e1til y favorecedor. \u2728 Ll\u00e9vala con la Falda Musa para un conjunto impecable. Un must-have para quienes aman la moda con inspiraci\u00f3n italiana. \ud83d\udc9c","breadcrumb":{"@id":"https:\/\/katua.com.co\/index.php\/producto\/blusa-musa-italiana-lila\/#breadcrumb"},"inLanguage":"es-CO","potentialAction":[{"@type":"ReadAction","target":["https:\/\/katua.com.co\/index.php\/producto\/blusa-musa-italiana-lila\/"]}]},{"@type":"ImageObject","inLanguage":"es-CO","@id":"https:\/\/katua.com.co\/index.php\/producto\/blusa-musa-italiana-lila\/#primaryimage","url":"https:\/\/katua.com.co\/wp-content\/uploads\/2025\/02\/img_1113-1.jpg","contentUrl":"https:\/\/katua.com.co\/wp-content\/uploads\/2025\/02\/img_1113-1.jpg","width":1334,"height":2000},{"@type":"BreadcrumbList","@id":"https:\/\/katua.com.co\/index.php\/producto\/blusa-musa-italiana-lila\/#breadcrumb","itemListElement":[{"@type":"ListItem","position":1,"name":"Inicio","item":"https:\/\/katua.com.co\/"},{"@type":"ListItem","position":2,"name":"Shop","item":"https:\/\/katua.com.co\/index.php\/shop\/"},{"@type":"ListItem","position":3,"name":"Blusa Musa Italiana lila"}]},{"@type":"WebSite","@id":"https:\/\/katua.com.co\/#website","url":"https:\/\/katua.com.co\/","name":"KATUA","description":"Moda premium enfocada en ofrecer dise\u00f1os exclusivos de alta calidad!","publisher":{"@id":"https:\/\/katua.com.co\/#organization"},"potentialAction":[{"@type":"SearchAction","target":{"@type":"EntryPoint","urlTemplate":"https:\/\/katua.com.co\/?s={search_term_string}"},"query-input":{"@type":"PropertyValueSpecification","valueRequired":true,"valueName":"search_term_string"}}],"inLanguage":"es-CO"},{"@type":"Organization","@id":"https:\/\/katua.com.co\/#organization","name":"KATUA","url":"https:\/\/katua.com.co\/","logo":{"@type":"ImageObject","inLanguage":"es-CO","@id":"https:\/\/katua.com.co\/#\/schema\/logo\/image\/","url":"https:\/\/i0.wp.com\/katua.com.co\/wp-content\/uploads\/2020\/07\/cropped-NUEVO-LOGO.png?fit=512%2C512&ssl=1","contentUrl":"https:\/\/i0.wp.com\/katua.com.co\/wp-content\/uploads\/2020\/07\/cropped-NUEVO-LOGO.png?fit=512%2C512&ssl=1","width":512,"height":512,"caption":"KATUA"},"image":{"@id":"https:\/\/katua.com.co\/#\/schema\/logo\/image\/"},"sameAs":["https:\/\/www.facebook.com\/Katuastore","https:\/\/www.tiktok.com\/@katua.co","https:\/\/www.instagram.com\/katua.co\/"]}]}},"_links":{"self":[{"href":"https:\/\/katua.com.co\/index.php\/wp-json\/wp\/v2\/product\/6226","targetHints":{"allow":["GET"]}}],"collection":[{"href":"https:\/\/katua.com.co\/index.php\/wp-json\/wp\/v2\/product"}],"about":[{"href":"https:\/\/katua.com.co\/index.php\/wp-json\/wp\/v2\/types\/product"}],"replies":[{"embeddable":true,"href":"https:\/\/katua.com.co\/index.php\/wp-json\/wp\/v2\/comments?post=6226"}],"wp:featuredmedia":[{"embeddable":true,"href":"https:\/\/katua.com.co\/index.php\/wp-json\/wp\/v2\/media\/5971"}],"wp:attachment":[{"href":"https:\/\/katua.com.co\/index.php\/wp-json\/wp\/v2\/media?parent=6226"}],"wp:term":[{"taxonomy":"product_brand","embeddable":true,"href":"https:\/\/katua.com.co\/index.php\/wp-json\/wp\/v2\/product_brand?post=6226"},{"taxonomy":"product_cat","embeddable":true,"href":"https:\/\/katua.com.co\/index.php\/wp-json\/wp\/v2\/product_cat?post=6226"},{"taxonomy":"product_tag","embeddable":true,"href":"https:\/\/katua.com.co\/index.php\/wp-json\/wp\/v2\/product_tag?post=6226"},{"taxonomy":"giftcard-category","embeddable":true,"href":"https:\/\/katua.com.co\/index.php\/wp-json\/wp\/v2\/giftcard-category?post=6226"}],"curies":[{"name":"wp","href":"https:\/\/api.w.org\/{rel}","templated":true}]}}