{"id":6236,"date":"2025-03-01T15:47:31","date_gmt":"2025-03-01T20:47:31","guid":{"rendered":"https:\/\/katua.com.co\/?post_type=product&#038;p=6236"},"modified":"2026-01-15T17:44:41","modified_gmt":"2026-01-15T22:44:41","slug":"blusa-musa-sea-verde","status":"publish","type":"product","link":"https:\/\/katua.com.co\/index.php\/producto\/blusa-musa-sea-verde\/","title":{"rendered":"Blusa Musa Sea verde"},"content":{"rendered":"","protected":false},"excerpt":{"rendered":"<p data-start=\"0\" data-end=\"420\">\ud83c\udf0a <strong data-start=\"3\" data-end=\"47\">Ligera, fresca y con inspiraci\u00f3n marina.<\/strong> La <strong data-start=\"51\" data-end=\"69\">Blusa Musa Sea<\/strong> est\u00e1 confeccionada en <strong data-start=\"92\" data-end=\"117\">100% algod\u00f3n org\u00e1nico<\/strong>, un tejido suave y transpirable que brinda comodidad en cada uso. Su <strong data-start=\"187\" data-end=\"216\">estampado exclusivo &#8220;Sea&#8221;<\/strong>, en tonos verdes inspirados en una ma\u00f1ana cerca del mar, le da un toque especial y \u00fanico. Su dise\u00f1o vers\u00e1til permite llevarla con diferentes estilos, agregando un aire relajado y sofisticado a tu look.<\/p>\n<p data-start=\"422\" data-end=\"583\">\ud83c\udf3f <strong data-start=\"425\" data-end=\"445\">Caracter\u00edsticas:<\/strong><br data-start=\"445\" data-end=\"448\" \/>\u2714\ufe0f Algod\u00f3n org\u00e1nico ligero y fresco.<br data-start=\"484\" data-end=\"487\" \/>\u2714\ufe0f Estampado exclusivo inspirado en el mar.<br data-start=\"530\" data-end=\"533\" \/>\u2714\ufe0f Dise\u00f1o vers\u00e1til para m\u00faltiples combinaciones.<\/p>\n<p data-start=\"585\" data-end=\"666\">\u2728 <strong data-start=\"587\" data-end=\"664\">Comb\u00ednala con la Falda Musa Sea para un conjunto armonioso y sofisticado.<\/strong><\/p>\n<p data-start=\"668\" data-end=\"726\" data-is-last-node=\"\" data-is-only-node=\"\">Una prenda que te transporta a la serenidad del oc\u00e9ano. \ud83d\udc9a<\/p>\n","protected":false},"featured_media":5859,"comment_status":"open","ping_status":"closed","template":"","meta":[],"product_brand":[],"product_cat":[74,71,51,57],"product_tag":[],"giftcard-category":[],"class_list":{"0":"post-6236","1":"product","2":"type-product","3":"status-publish","4":"has-post-thumbnail","6":"product_cat-costa-italiana","7":"product_cat-sets","8":"product_cat-tops","9":"product_cat-beachresort","11":"first","12":"instock","13":"taxable","14":"shipping-taxable","15":"purchasable","16":"product-type-variable"},"yoast_head":"<!-- This site is optimized with the Yoast SEO plugin v27.0 - https:\/\/yoast.com\/product\/yoast-seo-wordpress\/ -->\n<title>Blusa Musa Sea verde | Katua<\/title>\n<meta name=\"description\" content=\"Katua | \ud83c\udf0a Ligera, fresca y con inspiraci\u00f3n marina. La Blusa Musa Sea est\u00e1 confeccionada en 100% algod\u00f3n org\u00e1nico, un tejido suave y transpirable que brinda comodidad en cada uso. Su estampado exclusivo &quot;Sea&quot;, en tonos verdes inspirados en una ma\u00f1ana cerca del mar, le da un toque especial y \u00fanico. Su dise\u00f1o vers\u00e1til permite llevarla con diferentes estilos, agregando un aire relajado y sofisticado a tu look. \ud83c\udf3f Caracter\u00edsticas:\u2714\ufe0f Algod\u00f3n org\u00e1nico ligero y fresco.\u2714\ufe0f Estampado exclusivo inspirado en el mar.\u2714\ufe0f Dise\u00f1o vers\u00e1til para m\u00faltiples combinaciones. \u2728 Comb\u00ednala con la Falda Musa Sea para un conjunto armonioso y sofisticado. Una prenda que te transporta a la serenidad del oc\u00e9ano. \ud83d\udc9a\" \/>\n<meta name=\"robots\" content=\"index, follow, max-snippet:-1, max-image-preview:large, max-video-preview:-1\" \/>\n<link rel=\"canonical\" href=\"https:\/\/katua.com.co\/index.php\/producto\/blusa-musa-sea-verde\/\" \/>\n<meta property=\"og:locale\" content=\"es_ES\" \/>\n<meta property=\"og:type\" content=\"article\" \/>\n<meta property=\"og:title\" content=\"Blusa Musa Sea verde | Katua\" \/>\n<meta property=\"og:description\" content=\"Katua | \ud83c\udf0a Ligera, fresca y con inspiraci\u00f3n marina. La Blusa Musa Sea est\u00e1 confeccionada en 100% algod\u00f3n org\u00e1nico, un tejido suave y transpirable que brinda comodidad en cada uso. Su estampado exclusivo &quot;Sea&quot;, en tonos verdes inspirados en una ma\u00f1ana cerca del mar, le da un toque especial y \u00fanico. Su dise\u00f1o vers\u00e1til permite llevarla con diferentes estilos, agregando un aire relajado y sofisticado a tu look. \ud83c\udf3f Caracter\u00edsticas:\u2714\ufe0f Algod\u00f3n org\u00e1nico ligero y fresco.\u2714\ufe0f Estampado exclusivo inspirado en el mar.\u2714\ufe0f Dise\u00f1o vers\u00e1til para m\u00faltiples combinaciones. \u2728 Comb\u00ednala con la Falda Musa Sea para un conjunto armonioso y sofisticado. Una prenda que te transporta a la serenidad del oc\u00e9ano. \ud83d\udc9a\" \/>\n<meta property=\"og:url\" content=\"https:\/\/katua.com.co\/index.php\/producto\/blusa-musa-sea-verde\/\" \/>\n<meta property=\"og:site_name\" content=\"Katua\" \/>\n<meta property=\"article:publisher\" content=\"https:\/\/www.facebook.com\/Katuastore\" \/>\n<meta property=\"article:modified_time\" content=\"2026-01-15T22:44:41+00:00\" \/>\n<meta property=\"og:image\" content=\"https:\/\/katua.com.co\/wp-content\/uploads\/2025\/02\/img_1613-1.jpg\" \/>\n\t<meta property=\"og:image:width\" content=\"1333\" \/>\n\t<meta property=\"og:image:height\" content=\"2000\" \/>\n\t<meta property=\"og:image:type\" content=\"image\/jpeg\" \/>\n<meta name=\"twitter:card\" content=\"summary_large_image\" \/>\n<meta name=\"twitter:label1\" content=\"Tiempo de lectura\" \/>\n\t<meta name=\"twitter:data1\" content=\"1 minuto\" \/>\n<script type=\"application\/ld+json\" class=\"yoast-schema-graph\">{\"@context\":\"https:\/\/schema.org\",\"@graph\":[{\"@type\":[\"WebPage\",\"ItemPage\"],\"@id\":\"https:\/\/katua.com.co\/index.php\/producto\/blusa-musa-sea-verde\/\",\"url\":\"https:\/\/katua.com.co\/index.php\/producto\/blusa-musa-sea-verde\/\",\"name\":\"Blusa Musa Sea verde | Katua\",\"isPartOf\":{\"@id\":\"https:\/\/katua.com.co\/#website\"},\"primaryImageOfPage\":{\"@id\":\"https:\/\/katua.com.co\/index.php\/producto\/blusa-musa-sea-verde\/#primaryimage\"},\"image\":{\"@id\":\"https:\/\/katua.com.co\/index.php\/producto\/blusa-musa-sea-verde\/#primaryimage\"},\"thumbnailUrl\":\"https:\/\/katua.com.co\/wp-content\/uploads\/2025\/02\/img_1613-1.jpg\",\"datePublished\":\"2025-03-01T20:47:31+00:00\",\"dateModified\":\"2026-01-15T22:44:41+00:00\",\"description\":\"Katua | \ud83c\udf0a Ligera, fresca y con inspiraci\u00f3n marina. La Blusa Musa Sea est\u00e1 confeccionada en 100% algod\u00f3n org\u00e1nico, un tejido suave y transpirable que brinda comodidad en cada uso. Su estampado exclusivo \\\"Sea\\\", en tonos verdes inspirados en una ma\u00f1ana cerca del mar, le da un toque especial y \u00fanico. Su dise\u00f1o vers\u00e1til permite llevarla con diferentes estilos, agregando un aire relajado y sofisticado a tu look. \ud83c\udf3f Caracter\u00edsticas:\u2714\ufe0f Algod\u00f3n org\u00e1nico ligero y fresco.\u2714\ufe0f Estampado exclusivo inspirado en el mar.\u2714\ufe0f Dise\u00f1o vers\u00e1til para m\u00faltiples combinaciones. \u2728 Comb\u00ednala con la Falda Musa Sea para un conjunto armonioso y sofisticado. Una prenda que te transporta a la serenidad del oc\u00e9ano. \ud83d\udc9a\",\"breadcrumb\":{\"@id\":\"https:\/\/katua.com.co\/index.php\/producto\/blusa-musa-sea-verde\/#breadcrumb\"},\"inLanguage\":\"es-CO\",\"potentialAction\":[{\"@type\":\"ReadAction\",\"target\":[\"https:\/\/katua.com.co\/index.php\/producto\/blusa-musa-sea-verde\/\"]}]},{\"@type\":\"ImageObject\",\"inLanguage\":\"es-CO\",\"@id\":\"https:\/\/katua.com.co\/index.php\/producto\/blusa-musa-sea-verde\/#primaryimage\",\"url\":\"https:\/\/katua.com.co\/wp-content\/uploads\/2025\/02\/img_1613-1.jpg\",\"contentUrl\":\"https:\/\/katua.com.co\/wp-content\/uploads\/2025\/02\/img_1613-1.jpg\",\"width\":1333,\"height\":2000},{\"@type\":\"BreadcrumbList\",\"@id\":\"https:\/\/katua.com.co\/index.php\/producto\/blusa-musa-sea-verde\/#breadcrumb\",\"itemListElement\":[{\"@type\":\"ListItem\",\"position\":1,\"name\":\"Inicio\",\"item\":\"https:\/\/katua.com.co\/\"},{\"@type\":\"ListItem\",\"position\":2,\"name\":\"Shop\",\"item\":\"https:\/\/katua.com.co\/index.php\/shop\/\"},{\"@type\":\"ListItem\",\"position\":3,\"name\":\"Blusa Musa Sea verde\"}]},{\"@type\":\"WebSite\",\"@id\":\"https:\/\/katua.com.co\/#website\",\"url\":\"https:\/\/katua.com.co\/\",\"name\":\"KATUA\",\"description\":\"Moda premium enfocada en ofrecer dise\u00f1os exclusivos de alta calidad!\",\"publisher\":{\"@id\":\"https:\/\/katua.com.co\/#organization\"},\"potentialAction\":[{\"@type\":\"SearchAction\",\"target\":{\"@type\":\"EntryPoint\",\"urlTemplate\":\"https:\/\/katua.com.co\/?s={search_term_string}\"},\"query-input\":{\"@type\":\"PropertyValueSpecification\",\"valueRequired\":true,\"valueName\":\"search_term_string\"}}],\"inLanguage\":\"es-CO\"},{\"@type\":\"Organization\",\"@id\":\"https:\/\/katua.com.co\/#organization\",\"name\":\"KATUA\",\"url\":\"https:\/\/katua.com.co\/\",\"logo\":{\"@type\":\"ImageObject\",\"inLanguage\":\"es-CO\",\"@id\":\"https:\/\/katua.com.co\/#\/schema\/logo\/image\/\",\"url\":\"https:\/\/i0.wp.com\/katua.com.co\/wp-content\/uploads\/2020\/07\/cropped-NUEVO-LOGO.png?fit=512%2C512&ssl=1\",\"contentUrl\":\"https:\/\/i0.wp.com\/katua.com.co\/wp-content\/uploads\/2020\/07\/cropped-NUEVO-LOGO.png?fit=512%2C512&ssl=1\",\"width\":512,\"height\":512,\"caption\":\"KATUA\"},\"image\":{\"@id\":\"https:\/\/katua.com.co\/#\/schema\/logo\/image\/\"},\"sameAs\":[\"https:\/\/www.facebook.com\/Katuastore\",\"https:\/\/www.tiktok.com\/@katua.co\",\"https:\/\/www.instagram.com\/katua.co\/\"]}]}<\/script>\n<!-- \/ Yoast SEO plugin. -->","yoast_head_json":{"title":"Blusa Musa Sea verde | Katua","description":"Katua | \ud83c\udf0a Ligera, fresca y con inspiraci\u00f3n marina. La Blusa Musa Sea est\u00e1 confeccionada en 100% algod\u00f3n org\u00e1nico, un tejido suave y transpirable que brinda comodidad en cada uso. Su estampado exclusivo \"Sea\", en tonos verdes inspirados en una ma\u00f1ana cerca del mar, le da un toque especial y \u00fanico. Su dise\u00f1o vers\u00e1til permite llevarla con diferentes estilos, agregando un aire relajado y sofisticado a tu look. \ud83c\udf3f Caracter\u00edsticas:\u2714\ufe0f Algod\u00f3n org\u00e1nico ligero y fresco.\u2714\ufe0f Estampado exclusivo inspirado en el mar.\u2714\ufe0f Dise\u00f1o vers\u00e1til para m\u00faltiples combinaciones. \u2728 Comb\u00ednala con la Falda Musa Sea para un conjunto armonioso y sofisticado. Una prenda que te transporta a la serenidad del oc\u00e9ano. \ud83d\udc9a","robots":{"index":"index","follow":"follow","max-snippet":"max-snippet:-1","max-image-preview":"max-image-preview:large","max-video-preview":"max-video-preview:-1"},"canonical":"https:\/\/katua.com.co\/index.php\/producto\/blusa-musa-sea-verde\/","og_locale":"es_ES","og_type":"article","og_title":"Blusa Musa Sea verde | Katua","og_description":"Katua | \ud83c\udf0a Ligera, fresca y con inspiraci\u00f3n marina. La Blusa Musa Sea est\u00e1 confeccionada en 100% algod\u00f3n org\u00e1nico, un tejido suave y transpirable que brinda comodidad en cada uso. Su estampado exclusivo \"Sea\", en tonos verdes inspirados en una ma\u00f1ana cerca del mar, le da un toque especial y \u00fanico. Su dise\u00f1o vers\u00e1til permite llevarla con diferentes estilos, agregando un aire relajado y sofisticado a tu look. \ud83c\udf3f Caracter\u00edsticas:\u2714\ufe0f Algod\u00f3n org\u00e1nico ligero y fresco.\u2714\ufe0f Estampado exclusivo inspirado en el mar.\u2714\ufe0f Dise\u00f1o vers\u00e1til para m\u00faltiples combinaciones. \u2728 Comb\u00ednala con la Falda Musa Sea para un conjunto armonioso y sofisticado. Una prenda que te transporta a la serenidad del oc\u00e9ano. \ud83d\udc9a","og_url":"https:\/\/katua.com.co\/index.php\/producto\/blusa-musa-sea-verde\/","og_site_name":"Katua","article_publisher":"https:\/\/www.facebook.com\/Katuastore","article_modified_time":"2026-01-15T22:44:41+00:00","og_image":[{"width":1333,"height":2000,"url":"https:\/\/katua.com.co\/wp-content\/uploads\/2025\/02\/img_1613-1.jpg","type":"image\/jpeg"}],"twitter_card":"summary_large_image","twitter_misc":{"Tiempo de lectura":"1 minuto"},"schema":{"@context":"https:\/\/schema.org","@graph":[{"@type":["WebPage","ItemPage"],"@id":"https:\/\/katua.com.co\/index.php\/producto\/blusa-musa-sea-verde\/","url":"https:\/\/katua.com.co\/index.php\/producto\/blusa-musa-sea-verde\/","name":"Blusa Musa Sea verde | Katua","isPartOf":{"@id":"https:\/\/katua.com.co\/#website"},"primaryImageOfPage":{"@id":"https:\/\/katua.com.co\/index.php\/producto\/blusa-musa-sea-verde\/#primaryimage"},"image":{"@id":"https:\/\/katua.com.co\/index.php\/producto\/blusa-musa-sea-verde\/#primaryimage"},"thumbnailUrl":"https:\/\/katua.com.co\/wp-content\/uploads\/2025\/02\/img_1613-1.jpg","datePublished":"2025-03-01T20:47:31+00:00","dateModified":"2026-01-15T22:44:41+00:00","description":"Katua | \ud83c\udf0a Ligera, fresca y con inspiraci\u00f3n marina. La Blusa Musa Sea est\u00e1 confeccionada en 100% algod\u00f3n org\u00e1nico, un tejido suave y transpirable que brinda comodidad en cada uso. Su estampado exclusivo \"Sea\", en tonos verdes inspirados en una ma\u00f1ana cerca del mar, le da un toque especial y \u00fanico. Su dise\u00f1o vers\u00e1til permite llevarla con diferentes estilos, agregando un aire relajado y sofisticado a tu look. \ud83c\udf3f Caracter\u00edsticas:\u2714\ufe0f Algod\u00f3n org\u00e1nico ligero y fresco.\u2714\ufe0f Estampado exclusivo inspirado en el mar.\u2714\ufe0f Dise\u00f1o vers\u00e1til para m\u00faltiples combinaciones. \u2728 Comb\u00ednala con la Falda Musa Sea para un conjunto armonioso y sofisticado. Una prenda que te transporta a la serenidad del oc\u00e9ano. \ud83d\udc9a","breadcrumb":{"@id":"https:\/\/katua.com.co\/index.php\/producto\/blusa-musa-sea-verde\/#breadcrumb"},"inLanguage":"es-CO","potentialAction":[{"@type":"ReadAction","target":["https:\/\/katua.com.co\/index.php\/producto\/blusa-musa-sea-verde\/"]}]},{"@type":"ImageObject","inLanguage":"es-CO","@id":"https:\/\/katua.com.co\/index.php\/producto\/blusa-musa-sea-verde\/#primaryimage","url":"https:\/\/katua.com.co\/wp-content\/uploads\/2025\/02\/img_1613-1.jpg","contentUrl":"https:\/\/katua.com.co\/wp-content\/uploads\/2025\/02\/img_1613-1.jpg","width":1333,"height":2000},{"@type":"BreadcrumbList","@id":"https:\/\/katua.com.co\/index.php\/producto\/blusa-musa-sea-verde\/#breadcrumb","itemListElement":[{"@type":"ListItem","position":1,"name":"Inicio","item":"https:\/\/katua.com.co\/"},{"@type":"ListItem","position":2,"name":"Shop","item":"https:\/\/katua.com.co\/index.php\/shop\/"},{"@type":"ListItem","position":3,"name":"Blusa Musa Sea verde"}]},{"@type":"WebSite","@id":"https:\/\/katua.com.co\/#website","url":"https:\/\/katua.com.co\/","name":"KATUA","description":"Moda premium enfocada en ofrecer dise\u00f1os exclusivos de alta calidad!","publisher":{"@id":"https:\/\/katua.com.co\/#organization"},"potentialAction":[{"@type":"SearchAction","target":{"@type":"EntryPoint","urlTemplate":"https:\/\/katua.com.co\/?s={search_term_string}"},"query-input":{"@type":"PropertyValueSpecification","valueRequired":true,"valueName":"search_term_string"}}],"inLanguage":"es-CO"},{"@type":"Organization","@id":"https:\/\/katua.com.co\/#organization","name":"KATUA","url":"https:\/\/katua.com.co\/","logo":{"@type":"ImageObject","inLanguage":"es-CO","@id":"https:\/\/katua.com.co\/#\/schema\/logo\/image\/","url":"https:\/\/i0.wp.com\/katua.com.co\/wp-content\/uploads\/2020\/07\/cropped-NUEVO-LOGO.png?fit=512%2C512&ssl=1","contentUrl":"https:\/\/i0.wp.com\/katua.com.co\/wp-content\/uploads\/2020\/07\/cropped-NUEVO-LOGO.png?fit=512%2C512&ssl=1","width":512,"height":512,"caption":"KATUA"},"image":{"@id":"https:\/\/katua.com.co\/#\/schema\/logo\/image\/"},"sameAs":["https:\/\/www.facebook.com\/Katuastore","https:\/\/www.tiktok.com\/@katua.co","https:\/\/www.instagram.com\/katua.co\/"]}]}},"_links":{"self":[{"href":"https:\/\/katua.com.co\/index.php\/wp-json\/wp\/v2\/product\/6236","targetHints":{"allow":["GET"]}}],"collection":[{"href":"https:\/\/katua.com.co\/index.php\/wp-json\/wp\/v2\/product"}],"about":[{"href":"https:\/\/katua.com.co\/index.php\/wp-json\/wp\/v2\/types\/product"}],"replies":[{"embeddable":true,"href":"https:\/\/katua.com.co\/index.php\/wp-json\/wp\/v2\/comments?post=6236"}],"wp:featuredmedia":[{"embeddable":true,"href":"https:\/\/katua.com.co\/index.php\/wp-json\/wp\/v2\/media\/5859"}],"wp:attachment":[{"href":"https:\/\/katua.com.co\/index.php\/wp-json\/wp\/v2\/media?parent=6236"}],"wp:term":[{"taxonomy":"product_brand","embeddable":true,"href":"https:\/\/katua.com.co\/index.php\/wp-json\/wp\/v2\/product_brand?post=6236"},{"taxonomy":"product_cat","embeddable":true,"href":"https:\/\/katua.com.co\/index.php\/wp-json\/wp\/v2\/product_cat?post=6236"},{"taxonomy":"product_tag","embeddable":true,"href":"https:\/\/katua.com.co\/index.php\/wp-json\/wp\/v2\/product_tag?post=6236"},{"taxonomy":"giftcard-category","embeddable":true,"href":"https:\/\/katua.com.co\/index.php\/wp-json\/wp\/v2\/giftcard-category?post=6236"}],"curies":[{"name":"wp","href":"https:\/\/api.w.org\/{rel}","templated":true}]}}