{"id":7129,"date":"2025-09-01T15:59:26","date_gmt":"2025-09-01T20:59:26","guid":{"rendered":"https:\/\/katua.com.co\/?post_type=product&#038;p=7129"},"modified":"2026-03-14T15:21:44","modified_gmt":"2026-03-14T20:21:44","slug":"vestido-grecia-positano","status":"publish","type":"product","link":"https:\/\/katua.com.co\/index.php\/producto\/vestido-grecia-positano\/","title":{"rendered":"Vestido Grecia positano"},"content":{"rendered":"<p data-start=\"223\" data-end=\"642\">El <strong data-start=\"226\" data-end=\"279\">Vestido Grecia con print Positano de Katua<\/strong> es una pieza fresca y sofisticada inspirada en la elegancia del Mediterr\u00e1neo. Su silueta larga estiliza la figura, mientras que los delicados drapeados cruzados en la parte superior realzan el busto de forma natural. El detalle cut out en la cintura aporta un toque moderno y atrevido, en contraste con la ca\u00edda fluida de la falda que acompa\u00f1a cada movimiento.<\/p>\n<p data-start=\"644\" data-end=\"994\">Confeccionado en una tela suave y ligera, este <strong data-start=\"691\" data-end=\"729\">vestido largo estampado para mujer<\/strong> es perfecto para climas c\u00e1lidos y ocasiones vers\u00e1tiles: desde una cena especial en vacaciones hasta una salida casual con estilo. El print Positano, en tonos frescos y veraniegos, evoca la esencia costera y convierte este vestido en una prenda \u00fanica y llamativa.<\/p>\n<p data-start=\"996\" data-end=\"1150\">El <strong data-start=\"999\" data-end=\"1026\">Vestido Grecia Positano<\/strong> es la combinaci\u00f3n ideal de frescura, comodidad y dise\u00f1o atemporal. Disponible en Katua.com.co con env\u00edos a toda Colombia.<\/p>\n","protected":false},"excerpt":{"rendered":"<p>Vestido Grecia en Print Exclusivo Positano, con drapeados cruzados, detalle cut out en la cintura y falda larga fluida. Fresco, elegante y vers\u00e1til para toda ocasi\u00f3n.<\/p>\n","protected":false},"featured_media":8193,"comment_status":"open","ping_status":"closed","template":"","meta":[],"product_brand":[],"product_cat":[74,68,49,57],"product_tag":[],"giftcard-category":[],"class_list":{"0":"post-7129","1":"product","2":"type-product","3":"status-publish","4":"has-post-thumbnail","6":"product_cat-costa-italiana","7":"product_cat-new","8":"product_cat-vlargos","9":"product_cat-beachresort","11":"first","12":"instock","13":"taxable","14":"shipping-taxable","15":"purchasable","16":"product-type-variable"},"yoast_head":"<!-- This site is optimized with the Yoast SEO plugin v27.0 - https:\/\/yoast.com\/product\/yoast-seo-wordpress\/ -->\n<title>Vestido Grecia positano | Katua<\/title>\n<meta name=\"description\" content=\"Katua | Vestido Grecia en Print Exclusivo Positano, con drapeados cruzados, detalle cut out en la cintura y falda larga fluida. Fresco, elegante y vers\u00e1til para toda ocasi\u00f3n.\" \/>\n<meta name=\"robots\" content=\"index, follow, max-snippet:-1, max-image-preview:large, max-video-preview:-1\" \/>\n<link rel=\"canonical\" href=\"https:\/\/katua.com.co\/index.php\/producto\/vestido-grecia-positano\/\" \/>\n<meta property=\"og:locale\" content=\"es_ES\" \/>\n<meta property=\"og:type\" content=\"article\" \/>\n<meta property=\"og:title\" content=\"Vestido Grecia positano | Katua\" \/>\n<meta property=\"og:description\" content=\"Katua | Vestido Grecia en Print Exclusivo Positano, con drapeados cruzados, detalle cut out en la cintura y falda larga fluida. Fresco, elegante y vers\u00e1til para toda ocasi\u00f3n.\" \/>\n<meta property=\"og:url\" content=\"https:\/\/katua.com.co\/index.php\/producto\/vestido-grecia-positano\/\" \/>\n<meta property=\"og:site_name\" content=\"Katua\" \/>\n<meta property=\"article:publisher\" content=\"https:\/\/www.facebook.com\/Katuastore\" \/>\n<meta property=\"article:modified_time\" content=\"2026-03-14T20:21:44+00:00\" \/>\n<meta property=\"og:image\" content=\"https:\/\/katua.com.co\/wp-content\/uploads\/2020\/07\/Image159-scaled.webp\" \/>\n\t<meta property=\"og:image:width\" content=\"1705\" \/>\n\t<meta property=\"og:image:height\" content=\"2560\" \/>\n\t<meta property=\"og:image:type\" content=\"image\/webp\" \/>\n<meta name=\"twitter:card\" content=\"summary_large_image\" \/>\n<meta name=\"twitter:label1\" content=\"Tiempo de lectura\" \/>\n\t<meta name=\"twitter:data1\" content=\"1 minuto\" \/>\n<script type=\"application\/ld+json\" class=\"yoast-schema-graph\">{\"@context\":\"https:\/\/schema.org\",\"@graph\":[{\"@type\":[\"WebPage\",\"ItemPage\"],\"@id\":\"https:\/\/katua.com.co\/index.php\/producto\/vestido-grecia-positano\/\",\"url\":\"https:\/\/katua.com.co\/index.php\/producto\/vestido-grecia-positano\/\",\"name\":\"Vestido Grecia positano | Katua\",\"isPartOf\":{\"@id\":\"https:\/\/katua.com.co\/#website\"},\"primaryImageOfPage\":{\"@id\":\"https:\/\/katua.com.co\/index.php\/producto\/vestido-grecia-positano\/#primaryimage\"},\"image\":{\"@id\":\"https:\/\/katua.com.co\/index.php\/producto\/vestido-grecia-positano\/#primaryimage\"},\"thumbnailUrl\":\"https:\/\/katua.com.co\/wp-content\/uploads\/2020\/07\/Image159-scaled.webp\",\"datePublished\":\"2025-09-01T20:59:26+00:00\",\"dateModified\":\"2026-03-14T20:21:44+00:00\",\"description\":\"Katua | Vestido Grecia en Print Exclusivo Positano, con drapeados cruzados, detalle cut out en la cintura y falda larga fluida. Fresco, elegante y vers\u00e1til para toda ocasi\u00f3n.\",\"breadcrumb\":{\"@id\":\"https:\/\/katua.com.co\/index.php\/producto\/vestido-grecia-positano\/#breadcrumb\"},\"inLanguage\":\"es-CO\",\"potentialAction\":[{\"@type\":\"ReadAction\",\"target\":[\"https:\/\/katua.com.co\/index.php\/producto\/vestido-grecia-positano\/\"]}]},{\"@type\":\"ImageObject\",\"inLanguage\":\"es-CO\",\"@id\":\"https:\/\/katua.com.co\/index.php\/producto\/vestido-grecia-positano\/#primaryimage\",\"url\":\"https:\/\/katua.com.co\/wp-content\/uploads\/2020\/07\/Image159-scaled.webp\",\"contentUrl\":\"https:\/\/katua.com.co\/wp-content\/uploads\/2020\/07\/Image159-scaled.webp\",\"width\":1705,\"height\":2560},{\"@type\":\"BreadcrumbList\",\"@id\":\"https:\/\/katua.com.co\/index.php\/producto\/vestido-grecia-positano\/#breadcrumb\",\"itemListElement\":[{\"@type\":\"ListItem\",\"position\":1,\"name\":\"Inicio\",\"item\":\"https:\/\/katua.com.co\/\"},{\"@type\":\"ListItem\",\"position\":2,\"name\":\"Shop\",\"item\":\"https:\/\/katua.com.co\/index.php\/shop\/\"},{\"@type\":\"ListItem\",\"position\":3,\"name\":\"Vestido Grecia positano\"}]},{\"@type\":\"WebSite\",\"@id\":\"https:\/\/katua.com.co\/#website\",\"url\":\"https:\/\/katua.com.co\/\",\"name\":\"KATUA\",\"description\":\"Moda premium enfocada en ofrecer dise\u00f1os exclusivos de alta calidad!\",\"publisher\":{\"@id\":\"https:\/\/katua.com.co\/#organization\"},\"potentialAction\":[{\"@type\":\"SearchAction\",\"target\":{\"@type\":\"EntryPoint\",\"urlTemplate\":\"https:\/\/katua.com.co\/?s={search_term_string}\"},\"query-input\":{\"@type\":\"PropertyValueSpecification\",\"valueRequired\":true,\"valueName\":\"search_term_string\"}}],\"inLanguage\":\"es-CO\"},{\"@type\":\"Organization\",\"@id\":\"https:\/\/katua.com.co\/#organization\",\"name\":\"KATUA\",\"url\":\"https:\/\/katua.com.co\/\",\"logo\":{\"@type\":\"ImageObject\",\"inLanguage\":\"es-CO\",\"@id\":\"https:\/\/katua.com.co\/#\/schema\/logo\/image\/\",\"url\":\"https:\/\/i0.wp.com\/katua.com.co\/wp-content\/uploads\/2020\/07\/cropped-NUEVO-LOGO.png?fit=512%2C512&ssl=1\",\"contentUrl\":\"https:\/\/i0.wp.com\/katua.com.co\/wp-content\/uploads\/2020\/07\/cropped-NUEVO-LOGO.png?fit=512%2C512&ssl=1\",\"width\":512,\"height\":512,\"caption\":\"KATUA\"},\"image\":{\"@id\":\"https:\/\/katua.com.co\/#\/schema\/logo\/image\/\"},\"sameAs\":[\"https:\/\/www.facebook.com\/Katuastore\",\"https:\/\/www.tiktok.com\/@katua.co\",\"https:\/\/www.instagram.com\/katua.co\/\"]}]}<\/script>\n<!-- \/ Yoast SEO plugin. -->","yoast_head_json":{"title":"Vestido Grecia positano | Katua","description":"Katua | Vestido Grecia en Print Exclusivo Positano, con drapeados cruzados, detalle cut out en la cintura y falda larga fluida. Fresco, elegante y vers\u00e1til para toda ocasi\u00f3n.","robots":{"index":"index","follow":"follow","max-snippet":"max-snippet:-1","max-image-preview":"max-image-preview:large","max-video-preview":"max-video-preview:-1"},"canonical":"https:\/\/katua.com.co\/index.php\/producto\/vestido-grecia-positano\/","og_locale":"es_ES","og_type":"article","og_title":"Vestido Grecia positano | Katua","og_description":"Katua | Vestido Grecia en Print Exclusivo Positano, con drapeados cruzados, detalle cut out en la cintura y falda larga fluida. Fresco, elegante y vers\u00e1til para toda ocasi\u00f3n.","og_url":"https:\/\/katua.com.co\/index.php\/producto\/vestido-grecia-positano\/","og_site_name":"Katua","article_publisher":"https:\/\/www.facebook.com\/Katuastore","article_modified_time":"2026-03-14T20:21:44+00:00","og_image":[{"width":1705,"height":2560,"url":"https:\/\/katua.com.co\/wp-content\/uploads\/2020\/07\/Image159-scaled.webp","type":"image\/webp"}],"twitter_card":"summary_large_image","twitter_misc":{"Tiempo de lectura":"1 minuto"},"schema":{"@context":"https:\/\/schema.org","@graph":[{"@type":["WebPage","ItemPage"],"@id":"https:\/\/katua.com.co\/index.php\/producto\/vestido-grecia-positano\/","url":"https:\/\/katua.com.co\/index.php\/producto\/vestido-grecia-positano\/","name":"Vestido Grecia positano | Katua","isPartOf":{"@id":"https:\/\/katua.com.co\/#website"},"primaryImageOfPage":{"@id":"https:\/\/katua.com.co\/index.php\/producto\/vestido-grecia-positano\/#primaryimage"},"image":{"@id":"https:\/\/katua.com.co\/index.php\/producto\/vestido-grecia-positano\/#primaryimage"},"thumbnailUrl":"https:\/\/katua.com.co\/wp-content\/uploads\/2020\/07\/Image159-scaled.webp","datePublished":"2025-09-01T20:59:26+00:00","dateModified":"2026-03-14T20:21:44+00:00","description":"Katua | Vestido Grecia en Print Exclusivo Positano, con drapeados cruzados, detalle cut out en la cintura y falda larga fluida. Fresco, elegante y vers\u00e1til para toda ocasi\u00f3n.","breadcrumb":{"@id":"https:\/\/katua.com.co\/index.php\/producto\/vestido-grecia-positano\/#breadcrumb"},"inLanguage":"es-CO","potentialAction":[{"@type":"ReadAction","target":["https:\/\/katua.com.co\/index.php\/producto\/vestido-grecia-positano\/"]}]},{"@type":"ImageObject","inLanguage":"es-CO","@id":"https:\/\/katua.com.co\/index.php\/producto\/vestido-grecia-positano\/#primaryimage","url":"https:\/\/katua.com.co\/wp-content\/uploads\/2020\/07\/Image159-scaled.webp","contentUrl":"https:\/\/katua.com.co\/wp-content\/uploads\/2020\/07\/Image159-scaled.webp","width":1705,"height":2560},{"@type":"BreadcrumbList","@id":"https:\/\/katua.com.co\/index.php\/producto\/vestido-grecia-positano\/#breadcrumb","itemListElement":[{"@type":"ListItem","position":1,"name":"Inicio","item":"https:\/\/katua.com.co\/"},{"@type":"ListItem","position":2,"name":"Shop","item":"https:\/\/katua.com.co\/index.php\/shop\/"},{"@type":"ListItem","position":3,"name":"Vestido Grecia positano"}]},{"@type":"WebSite","@id":"https:\/\/katua.com.co\/#website","url":"https:\/\/katua.com.co\/","name":"KATUA","description":"Moda premium enfocada en ofrecer dise\u00f1os exclusivos de alta calidad!","publisher":{"@id":"https:\/\/katua.com.co\/#organization"},"potentialAction":[{"@type":"SearchAction","target":{"@type":"EntryPoint","urlTemplate":"https:\/\/katua.com.co\/?s={search_term_string}"},"query-input":{"@type":"PropertyValueSpecification","valueRequired":true,"valueName":"search_term_string"}}],"inLanguage":"es-CO"},{"@type":"Organization","@id":"https:\/\/katua.com.co\/#organization","name":"KATUA","url":"https:\/\/katua.com.co\/","logo":{"@type":"ImageObject","inLanguage":"es-CO","@id":"https:\/\/katua.com.co\/#\/schema\/logo\/image\/","url":"https:\/\/i0.wp.com\/katua.com.co\/wp-content\/uploads\/2020\/07\/cropped-NUEVO-LOGO.png?fit=512%2C512&ssl=1","contentUrl":"https:\/\/i0.wp.com\/katua.com.co\/wp-content\/uploads\/2020\/07\/cropped-NUEVO-LOGO.png?fit=512%2C512&ssl=1","width":512,"height":512,"caption":"KATUA"},"image":{"@id":"https:\/\/katua.com.co\/#\/schema\/logo\/image\/"},"sameAs":["https:\/\/www.facebook.com\/Katuastore","https:\/\/www.tiktok.com\/@katua.co","https:\/\/www.instagram.com\/katua.co\/"]}]}},"_links":{"self":[{"href":"https:\/\/katua.com.co\/index.php\/wp-json\/wp\/v2\/product\/7129","targetHints":{"allow":["GET"]}}],"collection":[{"href":"https:\/\/katua.com.co\/index.php\/wp-json\/wp\/v2\/product"}],"about":[{"href":"https:\/\/katua.com.co\/index.php\/wp-json\/wp\/v2\/types\/product"}],"replies":[{"embeddable":true,"href":"https:\/\/katua.com.co\/index.php\/wp-json\/wp\/v2\/comments?post=7129"}],"wp:featuredmedia":[{"embeddable":true,"href":"https:\/\/katua.com.co\/index.php\/wp-json\/wp\/v2\/media\/8193"}],"wp:attachment":[{"href":"https:\/\/katua.com.co\/index.php\/wp-json\/wp\/v2\/media?parent=7129"}],"wp:term":[{"taxonomy":"product_brand","embeddable":true,"href":"https:\/\/katua.com.co\/index.php\/wp-json\/wp\/v2\/product_brand?post=7129"},{"taxonomy":"product_cat","embeddable":true,"href":"https:\/\/katua.com.co\/index.php\/wp-json\/wp\/v2\/product_cat?post=7129"},{"taxonomy":"product_tag","embeddable":true,"href":"https:\/\/katua.com.co\/index.php\/wp-json\/wp\/v2\/product_tag?post=7129"},{"taxonomy":"giftcard-category","embeddable":true,"href":"https:\/\/katua.com.co\/index.php\/wp-json\/wp\/v2\/giftcard-category?post=7129"}],"curies":[{"name":"wp","href":"https:\/\/api.w.org\/{rel}","templated":true}]}}